{"id":189,"date":"2023-10-02T09:56:26","date_gmt":"2023-10-02T07:56:26","guid":{"rendered":"http:\/\/ebersgoenser-backhausverein.de\/?page_id=189"},"modified":"2023-10-02T09:56:44","modified_gmt":"2023-10-02T07:56:44","slug":"gruendung","status":"publish","type":"page","link":"https:\/\/ebersgoenser-backhausverein.de\/index.php\/herzlich-willkommen-beim-ebersgoenser-backhausverein-e-v\/gruendung\/","title":{"rendered":"Gr\u00fcndung"},"content":{"rendered":"\n<p>Am 23. Oktober 2012 trafen sich im Schulungsraum der Alten Schule 30 Ebersg\u00f6nser Mitb\u00fcrgerinnen und Mitb\u00fcrger, die den Ebersg\u00f6nser Backhausverein gr\u00fcndeten.<\/p>\n\n\n\n<p>Der Ebersg\u00f6nser Backhausverein ist&nbsp;<strong>seit 6. Dezember 2012<\/strong>&nbsp;beim Amtsgericht Friedberg\/Hessen&nbsp; unter dem Aktenzeichen:&nbsp;<strong>VR 2787<\/strong>&nbsp;als gemeinn\u00fctziger Verein eingetragen.<\/p>\n","protected":false},"excerpt":{"rendered":"<p>Am 23. Oktober 2012 trafen sich im Schulungsraum der Alten Schule 30 Ebersg\u00f6nser Mitb\u00fcrgerinnen und Mitb\u00fcrger, die den Ebersg\u00f6nser Backhausverein gr\u00fcndeten. Der Ebersg\u00f6nser Backhausverein ist&nbsp;seit 6. Dezember 2012&nbsp;beim Amtsgericht Friedberg\/Hessen&nbsp; unter dem Aktenzeichen:&nbsp;VR 2787&nbsp;als gemeinn\u00fctziger Verein eingetragen.<\/p>\n","protected":false},"author":2,"featured_media":0,"parent":170,"menu_order":2,"comment_status":"closed","ping_status":"closed","template":"","meta":{"footnotes":""},"class_list":["post-189","page","type-page","status-publish","hentry"],"_links":{"self":[{"href":"https:\/\/ebersgoenser-backhausverein.de\/index.php\/wp-json\/wp\/v2\/pages\/189","targetHints":{"allow":["GET"]}}],"collection":[{"href":"https:\/\/ebersgoenser-backhausverein.de\/index.php\/wp-json\/wp\/v2\/pages"}],"about":[{"href":"https:\/\/ebersgoenser-backhausverein.de\/index.php\/wp-json\/wp\/v2\/types\/page"}],"author":[{"embeddable":true,"href":"https:\/\/ebersgoenser-backhausverein.de\/index.php\/wp-json\/wp\/v2\/users\/2"}],"replies":[{"embeddable":true,"href":"https:\/\/ebersgoenser-backhausverein.de\/index.php\/wp-json\/wp\/v2\/comments?post=189"}],"version-history":[{"count":1,"href":"https:\/\/ebersgoenser-backhausverein.de\/index.php\/wp-json\/wp\/v2\/pages\/189\/revisions"}],"predecessor-version":[{"id":190,"href":"https:\/\/ebersgoenser-backhausverein.de\/index.php\/wp-json\/wp\/v2\/pages\/189\/revisions\/190"}],"up":[{"embeddable":true,"href":"https:\/\/ebersgoenser-backhausverein.de\/index.php\/wp-json\/wp\/v2\/pages\/170"}],"wp:attachment":[{"href":"https:\/\/ebersgoenser-backhausverein.de\/index.php\/wp-json\/wp\/v2\/media?parent=189"}],"curies":[{"name":"wp","href":"https:\/\/api.w.org\/{rel}","templated":true}]}}